 - 6*j - 4. Let b(g) = w*h(g) + 6*p(g). What are the prime factors of b(6)?
2, 17
Let l = 15 + -14. Let u = l - -5. What are the prime factors of 34 + 4*u/8?
37
Suppose 0 = 2*o - 268 + 34. Let i = o + 1. Suppose 4*k - 88 = -3*z, 0*k + i = 3*z - 2*k. What are the prime factors of z?
2, 3
Let y(u) = 6*u - 12. Let j(m) = 25*m - 15. Let w(g) = -13*g + 7. Let b(p) = 6*j(p) + 11*w(p). Let n(f) = -2*b(f) + 3*y(f). List the prime factors of n(7).
2, 3
Let b(j) = 42*j**2 - 35*j - 21. List the prime factors of b(7).
2, 7
List the prime factors of 3292*(-5 + 0)/(-10) + 6.
2, 7, 59
Let y(c) = 9*c**2 + 17*c - 97. List the prime factors of y(6).
7, 47
Suppose 2843 = 4*x - 4*f - f, 0 = -x + 4*f + 708. List the prime factors of x.
2, 89
Suppose 0 = -w - 66 - 15. Let y = w + 137. Let x = y - 21. What are the prime factors of x?
5, 7
Suppose -8*h + 68*h = 88140. List the prime factors of h.
13, 113
Suppose 6504 = 11*k - 6520. What are the prime factors of k?
2, 37
Suppose 4*d + 4*q - 2732 = 0, -3*d + 938 = 5*q - 1105. List the prime factors of d.
2, 7
Let t = -18 - -133. What are the prime factors of t - (0/1 + (3 - 2))?
2, 3, 19
Let h(x) = -8*x**3 + 4*x**2 - 5*x - 17. Let u(q) = -7*q**3 + 3*q**2 - 6*q - 16. Let j(i) = -4*h(i) + 5*u(i). What are the prime factors of j(-4)?
2, 3, 17
Let g(d) = -d**2 + 14*d + 12. Let y be g(14). What are the prime factors of ((-18)/12)/(y/(-800))?
2, 5
Let j(h) = h**2 + 2*h + 10. Let d be j(0). Let u(a) = 11*a - 25. List the prime factors of u(d).
5, 17
What are the prime factors of 5204/6 + 7*(-16)/(-168)?
2, 7, 31
Suppose 8*y + 30 = 3*y. Let h(k) = k**3 + 8*k**2 + 8*k + 2. List the prime factors of h(y).
2, 13
Suppose 7*q = 2*q + 2*c - 1083, 0 = -2*q + 5*c - 450. Let k = q - -557. What are the prime factors of k?
2, 3, 19
Suppose -441 = 12*a - 21*a. Let q be 16/6 - 2/3. Suppose a = q*i + 7. What are the prime factors of i?
3, 7
Let r(c) = 4*c + 1. Let s be r(1). Let w = s + 7. Suppose w - 3 = 3*m. List the prime factors of m.
3
Let l = -1024 + 1808. Suppose -14*u = -10*u - l. List the prime factors of u.
2, 7
Let f(v) = -v**3 + 28. Let u = 17 - 14. Suppose u*x - 3 = 3*h - 0*x, 0 = h + 3*x - 3. What are the prime factors of f(h)?
2, 7
Suppose -5*b = -3*b - 158. Let s = 6 + b. List the prime factors of s.
5, 17
Let r = 3018 + 788. List the prime factors of r.
2, 11, 173
Suppose 2*q + 2*x + 10 = 4, -5*q = 2*x + 6. Suppose -5*g = -q*w + 4*w - 875, -5*w = g - 1120. List the prime factors of w.
3, 5
Suppose 0 = -2*m + 2*w - 28, 5*w + 38 = -0*m - 4*m. What are the prime factors of (366/(-24))/(3/m)?
61
Let o(a) = -a + 6. Let w be o(6). Let f(l) = l + 5. Let c be f(w). Suppose 175 - 30 = c*v. List the prime factors of v.
29
Suppose 4*s = 157 + 143. Let m = s + -33. What are the prime factors of m?
2, 3, 7
Let a = 940 + -457. List the prime factors of a.
3, 7, 23
List the prime factors of -2 + ((-2691)/(-26))/(1/2).
5, 41
Let n be 2/(-6)*(-1 - 446). Let u = -23 + n. List the prime factors of u.
2, 3, 7
Let s(v) = 5*v + 64. List the prime factors of s(23).
179
Suppose 6*p = -592 - 218. Let n = p + 200. What are the prime factors of n?
5, 13
Suppose -2*w + 15 = -5. Let n be (31 + 0)*(w - 4). Suppose 2*o - 196 = -4*z, -2*o - o - n = -4*z. List the prime factors of z.
2, 3
Let j(g) = 21*g + 40. Let v(y) = 10*y + 20. Let n(z) = -4*j(z) + 9*v(z). List the prime factors of n(10).
2, 5
Suppose 0 = 4*d - 3*d - 9. Suppose -1701 = -d*b + 99. List the prime factors of b.
2, 5
Let s(u) = 6*u**3 - u + 1. Let g be s(1). Let q be 30/(-20)*(-16)/g. Suppose q*h = -5*d + 77, 2*h - 19 = -h + 4*d. What are the prime factors of h?
13
Let n be (-489)/6*(-1 - 1). Suppose n = 4*r - 5*x, -5*r + 229 - 59 = 5*x. Let h = -16 + r. List the prime factors of h.
3, 7
Let t = 32 - 29. Suppose 5*z + 143 = 3*g, -t*z = -4*g - 8*z + 144. What are the prime factors of g?
41
Suppose 2*z + 688 = f, -z + 3462 = f + 4*f. What are the prime factors of f?
2, 173
Suppose 25*r = 33*r - 10176. What are the prime factors of r?
2, 3, 53
Let p(m) = -6*m + 2. Let q be p(-5). Let y be ((-14)/(-4))/(24/432). Let b = y - q. List the prime factors of b.
31
Let k = -640 + 774. List the prime factors of k.
2, 67
Let o(n) = -2*n. Let z be o(-1). Let w be 3 - (6*z - -1). Let l = w + 12. What are the prime factors of l?
2
Let z(t) = -t**2 - 7*t + 11. Let f be z(-8). Suppose 0 = 2*d + 2*q - 68, 0*d - 3*q = d - 40. Suppose -29 = -f*c + d. List the prime factors of c.
2, 5
Let a = -55 + 60. Suppose a*d + 0 = -3*u + 4, 3*d - u = 8. What are the prime factors of d?
2
Let b(y) = 6*y**2 + 116*y - 21. What are the prime factors of b(-27)?
3, 11, 37
Suppose 510 = 3*f - 2*f - 2*z, 2*f = -4*z + 980. What are the prime factors of f?
2, 5
List the prime factors of ((-31)/4)/(6/936*-3).
13, 31
Let q(i) = -7*i**2 + 4*i + 1. Let k(m) = m**3 - 3*m**2 - 2*m - 5. Let c be k(4). Let s be q(c). Let u = 77 + s. What are the prime factors of u?
3
List the prime factors of (-596)/(-6)*(12 - -11 - -13).
2, 3, 149
Let l(g) = -g**3 + 13*g**2 + g - 10. Let f be l(13). Suppose -5*w - 10 = -5*v, w + 22 = -f*v - 3*w. What are the prime factors of (1 + 2)*11 + v?
31
Let f = -28 + 210. Suppose 2*z - 22 = f. What are the prime factors of z?
2, 3, 17
Suppose 5*g - 9*g + 302 = 2*f, -5*g = -2*f + 266. What are the prime factors of f?
11, 13
Suppose 34*i = 38*i + 20. What are the prime factors of (-106)/4*10/(i - 0)?
53
Suppose 4*j - 3 = 5. Suppose 161 = -a + 5*q + 382, -j*q = -a + 230. What are the prime factors of a?
2, 59
Let k(g) = g**2 + 11*g + 38. What are the prime factors of k(14)?
2, 97
Suppose 3*r = 4*y + 206, -5*r + 2*y + 86 + 248 = 0. Suppose m - r = -m. Suppose m = f - 36. What are the prime factors of f?
3, 23
Suppose 0*o = -3*o + 1545. Suppose 5*n = 5*x - o, 7*n = -2*x + 3*n + 212. What are the prime factors of x?
2, 13
Let h(k) = -k - 43. Let z be h(-19). Let j = 174 + z. What are the prime factors of j?
2, 3, 5
Suppose 0 = 3*v - b - 2695, 7*b = 2*v + 6*b - 1797. List the prime factors of v.
2, 449
Let z = -1290 + 2386. List the prime factors of z.
2, 137
Suppose 16*m + 4084 - 20452 = 0. What are the prime factors of m?
3, 11, 31
Suppose 27*k + 2430 = 9504. What are the prime factors of k?
2, 131
Let r(k) = k**2 - 2*k - 12. Let j be r(5). Suppose 0 = w - 6 - j. List the prime factors of w.
3
Suppose -2*i - h + 1431 = -0*h, h = -5*i + 3585. What are the prime factors of i?
2, 359
Suppose 4*m = -3*k + k + 10, -1 = -k. List the prime factors of (-6 - m)/((-12)/6).
2
Let j = 9 + -17. Let u be (-2)/((j + 4)/4). Suppose -u*v + 0*v - s + 71 = 0, -2*v - 4*s = -62. What are the prime factors of v?
37
Let b(t) = 3*t**2 + 14*t. Let y(a) = -a**2 - 5*a. Let j(p) = 4*b(p) + 11*y(p). Let v be j(5). Let g = v + -17. List the prime factors of g.
13
Let n(k) = -k**2 - 3*k + 6. Let b be n(-4). Suppose 2*z - 20 = -b*z. Suppose z*p - 4*f = -3*f + 125, 5*f = -p - 1. What are the prime factors of p?
2, 3
Suppose -4*m + 4016 = 912. Suppose -5*g = -13*g + m. List the prime factors of g.
97
Suppose -3*f + r + 34 = 0, f + 4*r = 3*r + 6. Suppose -2*d - d = 9. Let n = d + f. List the prime factors of n.
7
Let i be ((-2)/4)/((-1)/10). Suppose -3*d - 8 - 46 = -w, -i*w = -3*d - 282. List the prime factors of w.
3, 19
Suppose 5*u = -3*t + 4404, 131*u - 136*u + 15 = 0. What are the prime factors of t?
7, 11, 19
Let y = -6332 + 9027. List the prime factors of y.
5, 7, 11
Suppose -1500 = -2*o + 4*w, -6*w = 4*o - 10*w - 3000. List the prime factors of o.
2, 3, 5
Let u be -3*(-39)/9*4. Suppose -u = -7*i + 3*i. List the prime factors of i.
13
Suppose -19*d - 1751 = -f - 16*d, -4*f = 3*d - 7064. List the prime factors of f.
41, 43
Suppose -7*b = -2*b - 340. Suppose -2*o = 3*r + 2*o - b, -r = -3*o - 14. List the prime factors of r.
2, 5
Suppose 1340 = -4*w - 4*g + 8348, -5*w + 8784 = -g. List the prime factors of w.
2, 439
Suppose 5*f + 0*w - w = 4423, -3*f + 2664 = -4*w. What are the prime factors of f?
2, 13, 17
Let x(n) = 6*n**2 - 2*n - 4. Let g be x(-4). Suppose -3*l + 5*d + g = 0, 4*d + 158 = 4*l + l. Suppose -38 = -4*y + l. List the prime factors of y.
17
Suppose 0 = 2*u + u + i - 110, -2*u + 78 = -4*i. Let l(g) = -9*g**3 - 2*g**2. Let k be l(-2). Let z = k - u. List the prime factors of z.
3
Let s(j) = 15*j + 321. List the prime factors of s(72).